ivided by 2542.
860
What is the remainder when 318197 is divided by 7576?
5
What is the remainder when 28057320 is divided by 37162?
10
Calculate the remainder when 79697 is divided by 4424.
65
Calculate the remainder when 2179345 is divided by 726297.
454
Calculate the remainder when 3130 is divided by 1533.
64
Calculate the remainder when 3204131 is divided by 4532.
7
Calculate the remainder when 2406801 is divided by 133702.
165
What is the remainder when 92507 is divided by 1215?
167
What is the remainder when 20366283 is divided by 41?
25
Calculate the remainder when 69869698 is divided by 3363.
10
What is the remainder when 2739964 is divided by 1161?
4
Calculate the remainder when 12532213 is divided by 1566518.
69
What is the remainder when 3447741 is divided by 689532?
81
Calculate the remainder when 1601765 is divided by 320218.
675
Calculate the remainder when 595060 is divided by 1207.
9
Calculate the remainder when 2910680 is divided by 5916.
8
What is the remainder when 14169333 is divided by 1288120?
13
Calculate the remainder when 436652 is divided by 827.
823
Calculate the remainder when 63956 is divided by 492.
488
What is the remainder when 1176484 is divided by 1032?
4
What is the remainder when 249571 is divided by 1161?
1117
What is the remainder when 2805915 is divided by 24399?
30
What is the remainder when 50152 is divided by 12405?
532
Calculate the remainder when 121848 is divided by 4204.
4136
What is the remainder when 224807048 is divided by 2725?
2723
Calculate the remainder when 585558 is divided by 36597.
6
What is the remainder when 2123677 is divided by 303374?
59
What is the remainder when 1676247 is divided by 558722?
81
What is the remainder when 150250 is divided by 10726?
86
Calculate the remainder when 656509 is divided by 159.
157
Calculate the remainder when 1001487 is divided by 152.
111
Calculate the remainder when 1169676 is divided by 327.
324
Calculate the remainder when 7920274 is divided by 1092.
1090
Calculate the remainder when 47929626 is divided by 221.
30
What is the remainder when 66569347 is divided by 16324?
75
What is the remainder when 42129 is divided by 4315?
3294
Calculate the remainder when 25555857 is divided by 58884.
201
Calculate the remainder when 731347 is divided by 10754.
75
Calculate the remainder when 246365 is divided by 3157.
119
Calculate the remainder when 1875254 is divided by 117203.
6
What is the remainder when 31201934 is divided by 10400629?
47
What is the remainder when 3236756 is divided by 49?
12
What is the remainder when 4933238 is divided by 18?
14
What is the remainder when 18470 is divided by 18361?
109
Calculate the remainder when 125080 is divided by 1349.
972
What is the remainder when 429333 is divided by 91?
86
Calculate the remainder when 4583025 is divided by 5714.
397
Calculate the remainder when 67730410 is divided by 54.
46
Calculate the remainder when 293020 is divided by 23760.
7900
What is the remainder when 10205786 is divided by 1262?
1254
Calculate the remainder when 82177546 is divided by 257.
254
Calculate the remainder when 51010 is divided by 2413.
337
Calculate the remainder when 913087 is divided by 50720.
127
What is the remainder when 21271 is divided by 2648?
87
What is the remainder when 72714551 is divided by 10517?
13
What is the remainder when 63575845 is divided by 85?
10
What is the remainder when 2232566 is divided by 7492?
7442
What is the remainder when 1636613 is divided by 530?
503
What is the remainder when 507315 is divided by 138?
27
Calculate the remainder when 87045005 is divided by 409.
398
What is the remainder when 12708960 is divided by 352?
0
What is the remainder when 537903 is divided by 4518?
261
What is the remainder when 6658630 is divided by 61087?
147
What is the remainder when 1565647 is divided by 259?
251
Calculate the remainder when 10976 is divided by 8981.
1995
Calculate the remainder when 109381031 is divided by 1439224.
7
What is the remainder when 1443832 is divided by 481100?
532
What is the remainder when 43129190 is divided by 8490?
8480
What is the remainder when 184749 is divided by 184723?
26
What is the remainder when 1974093 is divided by 658028?
9
What is the remainder when 72196389 is divided by 977?
974
What is the remainder when 65128 is divided by 2301?
700
Calculate the remainder when 928362 is divided by 1988.
1954
What is the remainder when 419562 is divided by 7109?
131
Calculate the remainder when 122086 is divided by 208.
198
Calculate the remainder when 106865 is divided by 68.
37
Calculate the remainder when 2381517 is divided by 121.
116
What is the remainder when 3157491 is divided by 41?
40
What is the remainder when 462925053 is divided by 4224?
4221
Calculate the remainder when 200094 is divided by 552.
270
Calculate the remainder when 47286040 is divided by 37029.
7
Calculate the remainder when 56013035 is divided by 108.
23
What is the remainder when 3176735 is divided by 1047?
137
Calculate the remainder when 1069611 is divided by 534773.
65
What is the remainder when 1519703 is divided by 379665?
1043
Calculate the remainder when 330593 is divided by 110082.
347
Calculate the remainder when 6432885 is divided by 1608213.
33
Calculate the remainder when 148281 is divided by 565.
251
What is the remainder when 78089 is divided by 953?
896
What is the remainder when 46613669 is divided by 3522?
3521
What is the remainder when 3443370 is divided by 66218?
34
What is the remainder when 6531416 is divided by 166?
146
Calculate the remainder when 36960901 is divided by 172.
165
Calculate the remainder when 121760148 is divided by 349.
330
What is the remainder when 284038192 is divided by 62?
10
What is the remainder when 13206 is divided by 3465?
2811
What is the remainder when 801149045 is divided by 8161?
8158
What is the remainder when 437794 is divided by 621?
610
Calculate the remainder when 566613 is divided by 20985.
18
Calculate the remainder when 5291404 is divided by 1265.
1174
Calculate the remainder when 95973 is divided by 43.
40
What is the remainder when 8595787 is divided by 755?
112
Calculate the remainder when 968650 is divided by 242155.
30
Calculate the remainder when 17634348 is divided by 5182.
2
What is the remainder when 41237934 is divided by 2348?
10
What is the remainder when 251750534 is divided by 51?
50
Calculate the remainder when 22144979 is divided by 1845411.
47
What is the remainder when 10695 is divided by 5344?
7
Calculate the remainder when 17404418 is divided by 132.
86
Calculate the remainder when 5043954 is divided by 216.
138
What is the remainder when 21322036 is divided by 2665254?
4
What is the remainder when 39403 is divided by 3295?
3158
Calculate the remainder when 885510 is divided by 68110.
80
Calculate the remainder when 729603 is divided by 597.
69
Calculate the remainder when 83932450 is divided by 81567.
7
Calculate the remainder when 1067071 is divided by 355683.
22
Calculate the remainder when 2658639 is divided by 36.
3
Calculate the remainder when 28924991 is divided by 116.
43
Calculate the remainder when 350481 is divided by 21903.
33
What is the remainder when 540700512 is divided by 114?
108
What is the remainder when 117988970 is divided by 820?
810
Calculate the remainder when 7127637 is divided by 114961.
55
What is the remainder when 1592392 is divided by 4051?
349
What is the remainder when 18907008 is divided by 46?
42
What is the remainder when 7348555 is divided by 3604?
3603
Calculate the remainder when 148020 is divided by 5703.
5445
Calculate the remainder when 22662893 is divided by 13802.
9
What is the remainder when 2112877 is divided by 23218?
39
What is the remainder when 32168516 is divided by 50?
16
Calculate the remainder when 3834247 is divided by 491.
28
Calculate the remainder when 1256 is divided by 1231.
25
Calculate the remainder when 72032919 is divided by 3452.
35
What is the remainder when 491720867 is divided by 1044?
1043
Calculate the remainder when 359425 is divided by 359418.
7
Calculate the remainder when 10152505 is divided by 142993.
2
Calculate the remainder when 185057 is divided by 810.
377
What is the remainder when 479191 is divided by 62?
55
What is the remainder